*5 + 0. Let w be i(-7). What is the highest common divisor of 14 and w?
2
Suppose -3*a + 2*i + 43 + 25 = 0, 0 = -a + i + 22. Let r be (-834)/(-52) - (-347)/(-9022). Calculate the greatest common factor of a and r.
8
Let y be (3/(-12))/((-7)/(-1428)*-3). Let t be 0/(-3 + -1 + 5). Suppose -y*j + 84 + 358 = t. Calculate the highest common factor of j and 130.
26
Suppose -75 = -5*r - 65, 2 = -3*c + 4*r. Suppose -2*u - 2*y = 2*u - 2, c*y = -3*u + 1. Calculate the greatest common divisor of u and 17.
1
Let c(l) = -l**2 - 13*l + 11. Let r be c(-14). Let z be (-30)/4 - r/6. Let w(f) = -14*f + 6. Let p be w(z). What is the greatest common divisor of 13 and p?
13
Let r = -226 - -308. Suppose 74*a = r*a - 192. What is the greatest common factor of a and 1608?
24
Let z = 240 - 162. Let p = z + -18. Calculate the highest common divisor of p and 330.
30
Suppose 4*g - 60331 + 60306 = -u, -g + 49 = 5*u. Let k be 4/10*(-20)/(-2). Suppose 30 = k*a + a. What is the greatest common factor of u and a?
3
Suppose 464 = 3*c - 9*a + 4*a, -3*a - 615 = -4*c. Let o = -132 + c. Calculate the greatest common factor of 189 and o.
21
Let o(w) = 161*w**2 + 39*w + 38. Let m be o(-1). Calculate the highest common factor of m and 3820.
20
Let v be (-102)/7 + 60/(-140). Let a = 24 - v. Calculate the greatest common divisor of a and 312.
39
Let f(v) = 33*v**2 + 25*v + 193. Let i be f(-10). Calculate the highest common divisor of i and 846.
141
Suppose -73*l + 3842 - 1457 = -20*l. What is the greatest common factor of 7677 and l?
9
Let b be (-1)/((3/(-12))/1). Suppose 0 = -b*v + 44 - 4. Let s be (-6)/(-30) + 1838*1/v. What is the highest common divisor of s and 23?
23
Let b = -34 + 186. Let u = 196 - b. Calculate the greatest common divisor of 143 and u.
11
Let n(f) = -f**2 + 13*f - 12. Let j be n(8). Let o = 20 + -19. Let r be (145/1 - o) + -4. What is the greatest common factor of r and j?
28
Let l = 124 + -124. Suppose l = 49*a - 47*a - 44. Calculate the highest common factor of 209 and a.
11
Let z(n) = 106*n - 3282. Let a be z(32). Let v(d) = -d**3 + 10*d**2 - 7*d - 8. Let o be v(9). What is the greatest common divisor of o and a?
10
Let f = -304 + 451. Let x = -7538 + 7559. Calculate the greatest common factor of f and x.
21
Suppose 781 + 171 = -4*h. Let j be h*(-9)/(90/35). Calculate the highest common factor of j and 17.
17
Let h = -27550 - -28040. Calculate the greatest common divisor of h and 10878.
98
Let m = -755 - -763. Suppose 3*x = -2*z - z + 1032, 5*z = 3*x + 1720. Calculate the greatest common divisor of z and m.
8
Let k = -131 + 174. Let o = k - 30. Calculate the greatest common divisor of 104 and o.
13
Suppose a - 1397 = 5*i - 10*i, -3*i + 847 = 5*a. Suppose -17*x = 10*x - 837. Calculate the highest common factor of i and x.
31
Suppose -25*s = -28*s. Suppose 2*c - 88 = i - s*i, -5*i - 72 = -2*c. Calculate the highest common factor of 322 and c.
46
Let f be (-2)/22 + 24360/66. Suppose 1 - 19 = -2*n. What is the greatest common factor of f and n?
9
Suppose -11 - 45 = -4*h. Suppose 0 = -4*x - 42 + 2. Let t = h - x. Calculate the highest common factor of t and 6.
6
Let n(a) = a**3 + 34*a**2 - 39*a + 43. Let d be n(-35). Let y = d + -163. Calculate the greatest common divisor of 40 and y.
20
Let f be ((-1)/(-4))/(2/4)*6. Suppose -u = 5*r - 4*r - 132, f*u - 396 = r. What is the greatest common divisor of 48 and u?
12
Let t = -7573 + 7678. Calculate the greatest common factor of t and 2765.
35
Suppose -66 = -5*z - 46*u + 49*u, 0 = -5*u - 10. What is the highest common divisor of z and 1228?
4
Suppose -11*k = -8*k - 144. Let i = 239 - 143. Calculate the highest common divisor of i and k.
48
Suppose 8*s - 1782 = 35*s. Let d = -10 - s. What is the greatest common factor of 196 and d?
28
Let q = -974 - -1043. What is the highest common divisor of q and 2139?
69
Suppose -30*z + 1 = -4589. Suppose -5*x = -15 - 30. Calculate the highest common factor of x and z.
9
Let b be 90/(-25)*(4 + 4/(-16)*386). What is the greatest common divisor of 99 and b?
9
Let b = 168 + 642. Let z be (10/(-15))/((-3)/b). Let r = -10 - -30. What is the highest common factor of r and z?
20
Let c be (-3 - -67)/(4/16). Suppose c = -2*s + 288. Calculate the greatest common factor of s and 24.
8
Let m(t) = -28*t - 296. Let u be m(-11). What is the highest common factor of 3516 and u?
12
Suppose 0 = g - 3, -526*b - 4*g = -523*b - 21. What is the highest common divisor of b and 1383?
3
Let x = 4683 + -4597. Calculate the highest common divisor of 344 and x.
86
Let i be -2 - ((-7)/2)/(1/4). Suppose 0 = d + 8 - i. Suppose -d*s + 755 = t, -6*s - 383 = -8*s + 5*t. What is the greatest common factor of s and 21?
21
Let m be (-25)/(-15)*3 - -849. Calculate the greatest common divisor of m and 42.
14
Let w be (-10)/3*(99261/(-120) - (-33)/88). Calculate the highest common divisor of 159 and w.
53
Let t(r) = 34*r**2 + 59*r + 222. Let l be t(-4). What is the greatest common factor of 20 and l?
10
Suppose 20*o + o - 12*o = 72. What is the highest common divisor of 184 and o?
8
Let n = -323 - -980. Suppose 6*g = n - 141. What is the greatest common divisor of g and 774?
86
Suppose 5*v - 80 = -3*z, -307*z + 88 = -302*z - 3*v. Let d = 158 + 2. What is the highest common divisor of d and z?
20
Suppose 58*n - 5678 = 6676. What is the highest common factor of 284 and n?
71
Suppose -9*g + 6*g + 7365 = -3*x, 2*x = -3*g + 7390. Calculate the highest common factor of 180 and g.
60
Let b(y) = -y**3 + 16*y**2 - 3*y - 14. Let r be b(16). Let a = r - -56. Let i(q) = -q + 16. Let x be i(a). What is the greatest common factor of x and 2?
2
Let d(g) = g**3 - 9*g**2 - 311*g - 21. Let a be d(-13). Calculate the greatest common factor of a and 1456.
16
Let p be 851/37 + (-3 - -292). Calculate the highest common factor of p and 96.
24
Let l(d) = 1678*d**2 - 16*d + 21. Let q be l(3). What is the greatest common divisor of q and 134?
67
Suppose -2*c - 10 = 0, 5*y - 2*c + 97 = 342. Let n be (1/(-1))/((-1)/y). Suppose 89 = 4*g - n. Calculate the greatest common divisor of 34 and g.
34
Let i(o) = o**3 - 71*o**2 + 135*o - 2688. Let n be i(70). Calculate the highest common factor of n and 6118.
266
Suppose -3*t + 24 = -t - 2*q, -3*t - q + 24 = 0. Suppose 62 - 74 = -2*h. What is the greatest common divisor of h and t?
3
Let f(u) = -6*u - 4*u + u + 11 + 10*u. Let d be f(-8). Suppose 3*v + 4 = 7*v, 5*w = -4*v + 14. What is the highest common divisor of w and d?
1
Let u = 0 - -4. Let w(z) = -z**3 + 6*z**2 - 3*z - 2. Let d be w(u). Let x = 197 + -191. What is the greatest common divisor of x and d?
6
Suppose 0*j - 3*j = 5*c - 2315, 5*j = 3*c + 3915. Suppose 0 = 8*a + 22*a - j. What is the greatest common divisor of a and 52?
26
Let i(o) be the second derivative of -o**5/20 - o**4/3 - 9*o**2 - 27*o + 3. Let t be i(-5). Calculate the greatest common divisor of 21 and t.
7
Let s(o) = 73*o**3 + 8*o + 2. Let x(q) = -73*q**3 - 7*q - 2. Let j(d) = 6*s(d) + 7*x(d). Let w be j(-1). Calculate the greatest common divisor of w and 504.
72
Let q be -6*2/(-14)*14. Suppose 2*t = 10, j - t = 8 - 1. What is the highest common factor of q and j?
12
Let o be 15 - (-684)/(15 - 9). What is the greatest common factor of o and 10191?
129
Let n(u) = -37 - 6*u + 4*u - 5*u. Suppose -3*y = 5*f + 18, -2*y + 4*f = -6*y - 24. Let z be n(y). Calculate the greatest common divisor of z and 65.
5
Let s be 153 - 1*(5 - -4) - -10. What is the greatest common factor of s and 2926?
154
Let n(v) be the first derivative of 17/2*v**2 - 6*v - 7. Let y be n(2). Calculate the highest common factor of y and 84.
28
Suppose -d - 3*p + 63 = 18, d = p + 65. Suppose 15 = -5*v, 4*f - v - 21 = 2*v. Suppose -7*m = -f*m - 48. What is the greatest common divisor of d and m?
12
Suppose z + 3*x = 9, 0*x + 12 = z + 2*x. Suppose 1488 = -3432*d + 3440*d. Calculate the greatest common factor of z and d.
6
Let n(y) = 2*y**3 + y**2 + 17*y - 88. Let d be n(5). Calculate the highest common factor of 112 and d.
16
Suppose -42*c - 29*c = 11*c - 1312. Calculate the highest common divisor of 1408 and c.
16
Let g(i) = -i + 12. Let c be g(11). Suppose -52*w - 25 = -35 - 94. Calculate the greatest common divisor of w and c.
1
Suppose -95*a + 1875 = -98*a. Let n = -576 - a. Calculate the greatest common divisor of n 